 - x + 6. Let w(r) = -r**2. Let m(b) = -l(b) - 3*w(b). Let k be m(0). What are the prime factors of (20/(-7))/(k/21)?
2, 5
Let o be ((-8)/(-6))/2*-3. Let s be (0/(-2))/(o + 1). Let j = s - -3. What are the prime factors of j?
3
Let b be 42/4 + (-2)/(-4). List the prime factors of 152/b + 6/33.
2, 7
Let p be 4/(3 + -5)*1. Let n(t) = -10*t. What are the prime factors of n(p)?
2, 5
Suppose -72 = -3*w - 5*d - 7, -3 = -3*d. What are the prime factors of w?
2, 5
Let f = 7 - -1. Let b be f/(-4) + 20 + -2. Suppose -u = 4*g - 0*g - b, -u = 5*g - 19. List the prime factors of u.
2
Let b(c) = -c**2 + 33*c - 26. What are the prime factors of b(24)?
2, 5, 19
List the prime factors of ((3*-36)/(-2))/(2 - 1).
2, 3
Suppose 5*o = -3*i - 2, o - 2*i = 1 - 4. Let q be 3/1 - o/1. Let j = -1 + q. What are the prime factors of j?
3
Suppose 2*q = 4*q - 54. What are the prime factors of 7 + -7 - q/(-1)?
3
Let x(o) = 15*o + 27. List the prime factors of x(5).
2, 3, 17
Suppose 5*l + 24 + 1 = 0. Let x = 18 + l. What are the prime factors of x?
13
Let k(m) = m**3 + 7*m**2 + 5*m - 4. Let n = 2 + -8. Let a be k(n). Let x(s) = 3*s - 1. What are the prime factors of x(a)?
5
Suppose -h = -5*z, 5*h + 0*z - 3*z - 110 = 0. List the prime factors of h.
5
Suppose 4*k - 220 + 4 = 0. Let h be (-4)/(-6)*(-111)/2. Let d = k + h. List the prime factors of d.
17
What are the prime factors of 717/9 - (-4)/12?
2, 5
Suppose -2*q + 6*q + 4*b - 140 = 0, -b = -4*q + 115. What are the prime factors of q?
2, 3, 5
Let k(x) = x**3 - x**2 + x - 2. Let y be k(0). Let l be 1*y*(3 + -1). List the prime factors of (-5)/((-2)/l*-1).
2, 5
Suppose -2*k - k + 4*o = 25, 4*k - 5*o + 32 = 0. Let l = -2 - k. Suppose r - l = 6. List the prime factors of r.
7
Let g = 20 + -18. What are the prime factors of g?
2
Suppose -r + 2*l + 3 = 0, 0 = 5*r + 4*l + 38 - 109. List the prime factors of r.
11
Let l = 190 - 105. Suppose -4*f - 1 = -l. What are the prime factors of f?
3, 7
Let k(v) = v**3 - 4*v**2 - 5. List the prime factors of k(5).
2, 5
Let x = -13 + 67. List the prime factors of x.
2, 3
Let p(r) = r**3 + 6*r**2 - 5*r + 5. What are the prime factors of p(-6)?
5, 7
Suppose -4*w + p = -2*p + 58, -3*w + 3*p = 42. Let f = -10 - w. What are the prime factors of f?
2, 3
Let r = 394 + -125. What are the prime factors of r?
269
Let c(t) be the second derivative of -t**4/12 + 3*t**3/2 + t**2/2 - t. Let o = 13 + -5. What are the prime factors of c(o)?
3
Let b(r) = r - 1. Let h be b(-4). What are the prime factors of 34/6 - h/15?
2, 3
Suppose 10*a + 63 = o + 5*a, -5*o = -3*a - 337. What are the prime factors of o?
2, 17
Let p be -5 + 5 + 0 + 0. Let r be (-40)/(-6)*(3 + p). Suppose 4*m - 3*m = r. List the prime factors of m.
2, 5
Let n(b) = -b**2 - 4*b - 2. Let h be n(-2). Suppose h*z = 5*u, 4*z - 2*u - 9 = 23. What are the prime factors of z?
2, 5
Suppose 2*j = 8, 98 = 3*a - a + 4*j. What are the prime factors of a?
41
Suppose -6*t = -747 - 231. List the prime factors of t.
163
Let t(j) = 8*j**2 - j. Let i be t(2). Suppose -5*d = -0*d - i. What are the prime factors of d?
2, 3
Let x(a) = -a - 7. Let z be x(-5). Let s be -3 - 0 - 4/z. Let w(u) = -13*u**3 + 2*u**2 + 2*u + 1. List the prime factors of w(s).
2, 7
Let s = 3 + -5. Let w(g) = -3*g - 1. Let n be w(s). List the prime factors of (30/n)/((-6)/(-8)).
2
Suppose -4 + 2 = -c - v, 6 = 2*c + 3*v. Suppose c = 5*y + 15, -4*o + 1 = 5*y - 4. Suppose 6 = z + 2*f, -o*z + 0*f - 2*f = -46. What are the prime factors of z?
2, 5
Suppose o = j + 4, 0*o - 25 = 4*j + 5*o. What are the prime factors of (-1)/j + (-328)/(-10)?
3, 11
Let a(t) = 3*t**3 - 6*t**2 - t + 4. List the prime factors of a(4).
2, 3
Let m(s) = 3*s**2 + 9*s - 9. Let b be m(-9). Suppose b = 4*p + 13. What are the prime factors of p?
5, 7
Let q = 4 + -2. Let c be 860/180 - (-4)/18. Suppose -2*f - c*t = -14, 3*t + q*t - 4 = 3*f. List the prime factors of f.
2
Suppose 0 = -2*d + 5*l + 339, 2*d = -5*l - 41 + 370. List the prime factors of d.
167
Let l(i) = 5*i - 3*i - 3 + 0*i. What are the prime factors of l(3)?
3
Let v = -13 - -73. List the prime factors of v.
2, 3, 5
Let y be 12/14*84/18. Let v be (6/(-4))/(-3)*6. Suppose -y*w + 33 = s, 0 = -v*w + w + 4*s - 6. What are the prime factors of w?
7
Suppose -4*w + 2*w + 294 = 0. List the prime factors of w.
3, 7
Let x = 2 + -5. What are the prime factors of (-55)/x + 2/3?
19
Let n(q) = -2*q**2 + q. Let a be n(-1). Let m(h) = -1 - 4*h + h + 0 - h. What are the prime factors of m(a)?
11
Suppose -8*v + 928 = -0*v. List the prime factors of v.
2, 29
What are the prime factors of 1 + 43 + (0 - 0)?
2, 11
Suppose 10 = h + 2*u, -u + 3*u - 26 = -5*h. Let o be 8/36 - 50/(-18). Let a = h + o. What are the prime factors of a?
7
Let z = 24 + -14. Let t be (5/2 - 3)*-38. Let g = t - z. List the prime factors of g.
3
Let w(t) = 41*t**2 + t. What are the prime factors of w(2)?
2, 83
Let a(h) = h + 18. Let n be a(-16). Suppose -54 = -p - n*p. List the prime factors of p.
2, 3
Suppose -57 = -5*f + w + 2*w, f - w - 13 = 0. What are the prime factors of (6/f)/(4/306)?
3, 17
Suppose 2*g = -3*g. Suppose -2*r - t = -84, g*r = 5*r - t - 217. Suppose -r = -4*p + 1. List the prime factors of p.
11
Let d(s) = 11*s + 1. Let f(r) = -r - 3. Let u be f(-6). Suppose 0 = y + 2*y - u. What are the prime factors of d(y)?
2, 3
Suppose -5*h + 3*t = -122, -h - t + 38 = -5*t. What are the prime factors of h?
2, 11
Suppose 0 = -4*r + 8*r + 76. Let d = r + 29. What are the prime factors of d?
2, 5
Let x = 3 + 0. Suppose x*r - 92 = -20. Suppose -4*m + r = -0*m. What are the prime factors of m?
2, 3
Let m = -16 + 6. Let n be (-1)/2 + (-515)/m. Suppose t + 3*t + q = 31, 4*t = 3*q + n. What are the prime factors of t?
3
Suppose -3*m + 4*m = 2*w + 50, 0 = 3*m - 2*w - 134. List the prime factors of m.
2, 3, 7
What are the prime factors of 10/40 - (-54)/8?
7
Suppose -z + 6 = -0. Suppose -z*x + 105 = -141. List the prime factors of x.
41
Suppose 2*i = -3*c + 112, 4*i = -0*i - 3*c + 212. List the prime factors of i.
2, 5
Suppose 3*n = -n + 12. Suppose 5*k + 0*k + 20 = 0, -n*y + 49 = -k. What are the prime factors of y?
3, 5
Suppose -2*w = -w - 3. Suppose 0 = 3*h - 4*l - 84, -l - 108 = -3*h - 5*l. Suppose 5*u - 84 = -v, 4 - h = -w*u + 5*v. List the prime factors of u.
2
Let m(q) = q + 4 - 1 - 2. Let g(p) = -3*p - 12. Let l be g(-5). What are the prime factors of m(l)?
2
Let w be ((-32)/6)/(6/(-9)). Let f(m) = -m**3 + 8*m**2 + m + 10. List the prime factors of f(w).
2, 3
Let b(h) = h**2 - 4*h - 3. Let i be b(-3). Suppose -4*j - i = -3*v, 3*j = 4*v - 12 - 12. List the prime factors of v.
2, 3
Suppose 10 = -2*x + 4*x. What are the prime factors of (4/x + 2)*5?
2, 7
Let p(a) = -5*a + 30. What are the prime factors of p(0)?
2, 3, 5
Let i = -33 - -70. What are the prime factors of i?
37
Suppose o + 1 = -2*c - 2*c, -4*c + 4 = 0. List the prime factors of (-3)/3 - (0 + o).
2
Let v be (-2)/9 + 38/9. Suppose -r = -4*r + v*l - 566, -5*r + 4*l = 938. What are the prime factors of r/(-15) + 4/(-10)?
2, 3
Suppose 6 = 3*g - 42. Suppose 2*c - 40 = -0*u + 2*u, 0 = -5*c - 4*u + 136. Let j = c - g. What are the prime factors of j?
2
Let h be -5 + 1 + (3 - 1). Let o = 5 + h. What are the prime factors of 0 + 0 + o - -15?
2, 3
Suppose u = 2*j + 14, -2*u - 3*u + 22 = -2*j. Suppose 2*r = -36 + 6. Let b = j - r. What are the prime factors of b?
3
Suppose -86 = -2*t + 4*t - 4*l, -5*l - 185 = 4*t. List the prime factors of 10/t - (-544)/18.
2, 3, 5
Suppose 7*s - 2*s = 20. Suppose -4*v + 2 + 21 = -3*u, 3*v + s*u - 11 = 0. Suppose 3 + v = 4*i. What are the prime factors of i?
2
Let j = 4 - 6. Let l = j - -1. What are the prime factors of (-3)/(-2 - 1) - l?
2
Suppose 4*t + 7 + 25 = 0. Let y = -1 - t. What are the prime factors of y?
7
Suppose 8 = 5*n - 2. Suppose -142 = -n*d - 2*q, 2*d + 2*q = 4*d - 158. List the prime factors of d/6 + (-4)/8.
2, 3
Let v be (5/(-3))/((-3)/9). Let k(p) be the first derivative of -p**4/4 + 4*p**3/3 + 7*p**2/2 - 4*p - 1. What are the prime factors of k(v)?
2, 3
Suppose 2*p + 17 = -21. Let c = -4 - p. List the prime factors of c.
3, 5
Suppose 5*x + 24 = 2*x. Let b = -5 - x. What are the prime factors of b?
3
Suppose -5*m - 300 = -v, 5*m - 8*v + 3*v + 300 = 0. What are the prime factors of (4/10)/((-3)/m)?
2
Let y = -22